et m(x) = 5*b(x) - 7*w(x). Let p = -5 + 11. What is the remainder when 15 is divided by m(p)?
1
Let u be 1*(-1 - 1/(-1)). Suppose 4*c + 12 = 0, u = 4*z - 8*z - c + 181. What is the remainder when z is divided by 7?
4
Let l = 50 + -92. Let m be ((-98)/28*(3 + 1))/1. What is the remainder when 144 is divided by (-6)/m + (-1536)/l?
33
Let b = 5800 + -5749. Calculate the remainder when 407 is divided by b.
50
Let r = 1341 - 1326. Calculate the remainder when r is divided by (-90)/4*4/(-6).
0
Calculate the remainder when (-2374)/4*7/2*(-12)/7 is divided by 12.
9
Calculate the remainder when 178 is divided by (33 - (10 + -14))/(3/3).
30
Let k be (-4)/30 - (-1892)/15. Suppose 11*d + k - 3250 = 0. Calculate the remainder when d is divided by 58.
52
Let c be -4 + -4 + (-5968)/2. Calculate the remainder when -3*(-5)/((-120)/c) is divided by 54.
50
Let k(h) = 2*h - 18. Let p(l) = -12*l - 141. Calculate the remainder when p(-36) is divided by k(16).
11
Suppose 0 = 21*y - 353 - 4. Suppose w = -u - 89 - 17, 0 = -4*w - u - 412. Let p = w - -184. Calculate the remainder when p is divided by y.
14
Calculate the remainder when (402/15)/((-8)/(-160)) is divided by 17.
9
Let d(g) = 4*g**2 + 2*g - 7. Let q be d(3). Let i be (-2 - (-12)/(-21))/((-5)/q). What is the remainder when 27 is divided by 147/i - (-1)/(-6)?
3
Suppose -l = 0, -54*a + 53*a + 3 = 4*l. What is the remainder when 86 is divided by a - (-1)/(9/72)?
9
Suppose -4438 + 742 = -24*r. Calculate the remainder when r is divided by 70.
14
Let u(j) = j + 10. Suppose -11*f + 24 = -13*f. Let s be u(f). Calculate the remainder when -3 + 23 + 0 + s is divided by 11.
7
Let l(r) = 149*r - 777. What is the remainder when l(7) is divided by 17?
11
Let w be (-12)/(-42) + 1*(-38)/(-14). Let o(g) = 13*g + 34. Calculate the remainder when 210 is divided by o(w).
64
Suppose -83*g = -35*g - 961 - 1343. What is the remainder when 523 is divided by g?
43
Let h = 105 + -99. Let f be 1/(-2) - (-87)/2. Suppose z - 2*t - f = -2*z, 4*z - 69 = 5*t. Calculate the remainder when z is divided by h.
5
Suppose 15200 = 88*k + 8335 - 14607. What is the remainder when k is divided by 45?
19
Calculate the remainder when 4287 is divided by ((108188/(-102))/(-43))/(1/6).
143
Let v(h) = 6*h - 15. Let t be (-3)/(-3)*1*-1*27. Let k = -9 - t. Calculate the remainder when v(8) is divided by k.
15
Suppose 20*k + 90 = 2*k, 5*i - 93*k = -92*k + 125. Suppose 10 = -3*p + 289. Calculate the remainder when p is divided by i.
21
Let z = 33 + -16. Let o = 1796 - 1705. What is the remainder when o is divided by z?
6
Let r be 6/2 + (-276)/(-23). Suppose 311 + 1744 = r*y. Calculate the remainder when y is divided by 13.
7
Suppose 3*p = 0, -4*c + 170 = p + 58. Calculate the remainder when 2267 is divided by c.
27
Suppose 0 = 3*m - 3, -2*u + m + 15 = 2*u. Suppose -3*q + 3*z + 72 = 0, u*q + 5*z - 57 = 48. What is the remainder when q is divided by 14?
11
Let h be ((-50)/30)/((-5)/1206). Let o = h + -388. Calculate the remainder when 48 is divided by o.
6
Suppose -20*t + 31*t = 19*t - 528. Calculate the remainder when 118 is divided by t.
52
Let n(q) be the second derivative of -q**5/20 + 3*q**4/2 - 47*q**3/6 + 63*q**2/2 - 2*q + 205. What is the remainder when n(15) is divided by 18?
15
Let o = 12846 + -12831. Calculate the remainder when 7649 is divided by o.
14
Suppose 3*n + 3*p = 5055, 69*p = 70*p - 8. Calculate the remainder when n is divided by 48.
45
Suppose -5*k = 216*q - 211*q - 650, 259 = 2*k + 3*q. What is the remainder when k is divided by 20?
11
Let p(t) = t**2 - 431*t - 863. Calculate the remainder when 37 is divided by p(-2).
1
Suppose -5*i = -38 + 18. Suppose -z - 20 = -3*o, -i*o + 6*z = 10*z - 48. What is the remainder when (-115)/(-3) - 2/(-3) is divided by o?
7
Suppose -184 - 16 = -4*a. Suppose 29*g - 30*g = -250. Let u = g + -53. Calculate the remainder when u is divided by a.
47
Calculate the remainder when (-200508)/(-693)*(94/4 + 1 + -2) is divided by 148.
146
Suppose -2*j + j = -2. Suppose -g + 1 = 2*a - 7, 4*a - 16 = -3*g. Calculate the remainder when a is divided by (-7)/(-3) + j/(-6).
0
Calculate the remainder when 629 is divided by 3 - 20/(-15)*174.
159
Let b be 7 + 2*3/(-6). Let z(g) = -12*g**2 - 31*g - 4. Calculate the remainder when z(-2) is divided by (-3)/(b/(-16)*2).
2
Let f(d) = 238*d**3 + 17*d**2 - 20*d. What is the remainder when f(1) is divided by 63?
46
Suppose 0 = 4*n + 3138*x - 3137*x - 369, -12*x = -3*n + 264. Let h = 81 - 47. What is the remainder when n is divided by h?
24
Let n(i) = 2*i**2 - 4 + 0*i**2 + 22*i + 27*i + 38. Let h = -30 + 58. Calculate the remainder when h is divided by n(-24).
8
Let f = 13218 - 829. What is the remainder when f is divided by 413?
412
Let h(l) = 167*l**2 + 195*l - 2142. What is the remainder when h(13) is divided by 270?
266
Suppose 4*r + 129 = -5*u, -2*u - 55 = -4*r - 177. Let f = r + 33. Suppose f*h - 140 = 6. What is the remainder when h is divided by 19?
16
Suppose 4*q - 3*k + 116 + 83 = 0, 5*k - 89 = 2*q. Suppose -26*g = -29*g + 213. Let j = q + g. Calculate the remainder when 132 is divided by j.
18
Suppose 4*l - 37 - 1 = -5*n, -2*l = -4. Let b = 49 + 62. Calculate the remainder when b is divided by (-1020)/(-27) - (-1)/(27/n).
35
Let d(a) = -2*a + 64. Let t be d(0). Suppose p - t = -5*w, 13*p - 12*p - w = 34. What is the remainder when 137 is divided by p?
20
Let w(h) = -113*h**3 - 3*h**2 - h + 2. Suppose 434*j = 1166*j - 50508. What is the remainder when w(-2) is divided by j?
68
Suppose 2*z + 2*z = 968. Suppose -278 = 176*s + 130*s - 2114. Calculate the remainder when z is divided by s.
2
Let t(u) = -2*u**3 - u**2 + 31*u + 61. Suppose 2*v - 50 = -2*h, 3*h - v - 100 = -21. Calculate the remainder when t(-4) is divided by h.
23
Suppose -2920 = 160*n - 164*n. What is the remainder when n is divided by 105?
100
Let z(x) = 56*x - 99. Let a = -73 - -79. What is the remainder when z(a) is divided by 14?
13
Suppose -30 = 5*r + 3*s, -2*s = -r - 4*r - 5. What is the remainder when r*52/(-6)*2 is divided by 33?
19
Let v be (-4 + 52/8)/(2/(-4)). Let n(j) = -18 - 14*j - 4 + 5*j. What is the remainder when 43 is divided by n(v)?
20
Let b = -59 + 35. Let p(a) = 2*a**2 + 12*a - 12. Let x be p(-9). Let s = b + x. What is the remainder when s is divided by 7?
4
Suppose -4*y = -5*s - 5*y + 31, -4*s + 3*y = -40. Suppose 734 = s*u - 281. Suppose 18*n - u = 13*n. Calculate the remainder when n is divided by 9.
2
Let r = 14036 + -14027. What is the remainder when 347 is divided by r?
5
Suppose 192 = -0*x + 8*x. Suppose x*j - 36 = 22*j. Suppose 286 = 4*t + 3*k, 70 = 5*t - k - 278. What is the remainder when t is divided by j?
16
Let b(t) = -t**3 - 2*t**2 - 2*t - 13. Let r be b(0). Let z = r + 96. Let h = -27 + 50. Calculate the remainder when z is divided by h.
14
Let v = -253 - -257. Suppose -5*u = -m - 338, 5*m + 194 = -u + v*u. What is the remainder when u is divided by 24?
20
Suppose 3*z = -m + 910, 2*m = 3*z - 2*m - 890. Suppose 5*b - 6*w = -7*w + 382, -w = -4*b + z. What is the remainder when b is divided by 11?
10
Suppose -4*p + 0*p = -308. Suppose -p = -5*t + 188. What is the remainder when 76*((-15)/50)/(6/(-55)) is divided by t?
50
Let z(o) = 9*o - 79*o**3 + 40*o**3 + 41*o**3 - 12*o**2 - 2*o. Calculate the remainder when z(7) is divided by 30.
27
Suppose 0 = -192*t - 81*t - 30*t + 26361. What is the remainder when 454 is divided by t?
19
Let r = -89 + 227. Calculate the remainder when r is divided by 28 + 3 + -8 - 9.
12
Suppose -13 = 2*z - 5*o, 9*o = -2*z + 10*o - 33. Calculate the remainder when 68 is divided by z/(-57)*(17 - -1).
2
What is the remainder when (-3)/(-1 - 1910/(-1925)) + -6 is divided by 76?
75
Let q(g) = -g**2 + 2*g + 31. Let y be q(0). Suppose 0 = -2*b + f + y, -b + 8 = f + f. Suppose 2*a - 2 = b. Calculate the remainder when 11 is divided by a.
3
Suppose 4*n + 3344 = 3*o, 67*o = 64*o - 5*n + 3326. What is the remainder when o is divided by 102?
92
Let i be (-32)/(-3)*45/30. Suppose -i = 4*l - 60. Calculate the remainder when 98 is divided by l.
10
Let n(i) = -69*i - 10. Let x be n(-7). Suppose -x = -5*o - 53. What is the remainder when o is divided by (1/3)/((-7)/(-903))?
41
Suppose d = -5*n - d + 41, 4*d = -4*n + 28. Suppose -3*z = 4*c - 115, 5*c - 5*z - 126 = n. Cal